
What are the prime factors of 732277?
7, 13, 619
List the prime factors of 132342.
2, 3, 7, 23, 137
List the prime factors of 812072.
2, 83, 1223
List the prime factors of 419371.
269, 1559
List the prime factors of 806909.
23, 35083
What are the prime factors of 11706576?
2, 3, 7, 34841
What are the prime factors of 215913?
3, 71971
What are the prime factors of 10799?
10799
What are the prime factors of 266698?
2, 133349
What are the prime factors of 6838644?
2, 3, 569887
What are the prime factors of 1255766?
2, 131, 4793
List the prime factors of 8664704.
2, 139, 487
What are the prime factors of 6732698?
2, 7, 23, 29, 103
What are the prime factors of 287938?
2, 7, 131, 157
What are the prime factors of 4593640?
2, 5, 41, 2801
List the prime factors of 264631.
264631
What are the prime factors of 9247286?
2, 17, 211, 1289
List the prime factors of 12198717.
3, 23, 31, 1901
What are the prime factors of 563822?
2, 7, 17, 23, 103
What are the prime factors of 98425?
5, 31, 127
What are the prime factors of 3312172?
2, 828043
What are the prime factors of 91606?
2, 163, 281
What are the prime factors of 1884502?
2, 197, 4783
List the prime factors of 2909999.
73, 39863
What are the prime factors of 12084614?
2, 23, 262709
What are the prime factors of 4439295?
3, 5, 7, 17, 829
What are the prime factors of 167488?
2, 2617
What are the prime factors of 14425996?
2, 13, 17, 16319
What are the prime factors of 469383?
3, 97, 1613
What are the prime factors of 2044203?
3, 7, 311, 313
What are the prime factors of 2601206?
2, 727, 1789
List the prime factors of 1004969.
7, 143567
What are the prime factors of 95062?
2, 11, 29, 149
List the prime factors of 656024.
2, 82003
What are the prime factors of 15324084?
2, 3, 151, 2819
List the prime factors of 745422.
2, 3, 283, 439
What are the prime factors of 196211?
37, 5303
List the prime factors of 429935.
5, 11, 7817
What are the prime factors of 324978?
2, 3, 54163
List the prime factors of 320279.
53, 6043
What are the prime factors of 5018715?
3, 5, 13, 23, 373
What are the prime factors of 1674485?
5, 334897
List the prime factors of 8361366.
2, 3, 13, 107197
What are the prime factors of 229586?
2, 7, 23, 31
List the prime factors of 27676301.
27676301
List the prime factors of 2438647.
59, 41333
List the prime factors of 3777726.
2, 3, 277, 2273
What are the prime factors of 16064770?
2, 5, 281, 5717
List the prime factors of 4908836.
2, 929, 1321
List the prime factors of 97122.
2, 3, 16187
What are the prime factors of 1021291?
1021291
List the prime factors of 267671.
267671
List the prime factors of 1060519.
1060519
List the prime factors of 422568.
2, 3, 5869
List the prime factors of 167511.
3, 55837
List the prime factors of 1437542.
2, 41, 47, 373
List the prime factors of 11720147.
29, 277, 1459
List the prime factors of 15185.
5, 3037
List the prime factors of 1745147.
1745147
List the prime factors of 621293.
47, 13219
What are the prime factors of 164089?
164089
What are the prime factors of 606825?
3, 5, 29, 31
List the prime factors of 1747353.
3, 582451
List the prime factors of 1341874.
2, 331, 2027
What are the prime factors of 137833?
337, 409
List the prime factors of 351059.
351059
List the prime factors of 23772027.
3, 7924009
List the prime factors of 11301459.
3, 13, 181, 1601
List the prime factors of 1796000.
2, 5, 449
List the prime factors of 8274403.
8274403
What are the prime factors of 11648463?
3, 19, 204359
List the prime factors of 4159627.
4159627
List the prime factors of 10063495.
5, 13, 154823
What are the prime factors of 10546694?
2, 5273347
List the prime factors of 136040.
2, 5, 19, 179
List the prime factors of 198753.
3, 97, 683
What are the prime factors of 15351682?
2, 59, 130099
List the prime factors of 25432.
2, 11, 17
List the prime factors of 1299920.
2, 5, 16249
List the prime factors of 20201915.
5, 4040383
List the prime factors of 212950.
2, 5, 4259
What are the prime factors of 91693?
7, 13099
What are the prime factors of 727758?
2, 3, 13477
List the prime factors of 7333029.
3, 11, 74071
What are the prime factors of 10856666?
2, 1847, 2939
What are the prime factors of 35637063?
3, 7, 11, 22039
List the prime factors of 4936520.
2, 5, 167, 739
What are the prime factors of 10797204?
2, 3, 11, 157, 521
List the prime factors of 12613008.
2, 3, 71, 3701
List the prime factors of 1699267.
107, 15881
What are the prime factors of 1260608?
2, 19697
List the prime factors of 461867.
7, 65981
List the prime factors of 152615.
5, 131, 233
What are the prime factors of 23919783?
3, 1667, 4783
What are the prime factors of 17977833?
3, 211, 9467
What are the prime factors of 790391?
7, 112913
What are the prime factors of 1226174?
2, 31, 19777
List the prime factors of 109959.
3, 36653
List the prime factors of 401586.
2, 3, 66931
List the prime factors of 7852364.
2, 13, 151007
List the prime factors of 473271.
3, 19, 23
List the prime factors of 40986.
2, 3, 11, 23
What are the prime factors of 720981?
3, 23, 43
What are the prime factors of 1915197?
3, 79, 8081
List the prime factors of 757477.
7, 108211
What are the prime factors of 13057562?
2, 7, 932683
List the prime factors of 4555529.
11, 37649
List the prime factors of 1285553.
1285553
List the prime factors of 26207778.
2, 3, 17, 256939
List the prime factors of 10268152.
2, 67, 19157
List the prime factors of 123763.
23, 5381
List the prime factors of 319756.
2, 79939
List the prime factors of 21524551.
461, 46691
What are the prime factors of 26550?
2, 3, 5, 59
What are the prime factors of 24112538?
2, 79, 101, 1511
List the prime factors of 109783.
311, 353
List the prime factors of 1353795.
3, 5, 17, 5309
List the prime factors of 495692.
2, 123923
What are the prime factors of 22414?
2, 7, 1601
List the prime factors of 270241.
270241
What are the prime factors of 555615?
3, 5, 12347
What are the prime factors of 304818?
2, 3, 101, 503
What are the prime factors of 29469230?
2, 5, 7, 197, 2137
What are the prime factors of 7832976?
2, 3, 53, 3079
What are the prime factors of 927106?
2, 313, 1481
What are the prime factors of 20177573?
13, 1552121
List the prime factors of 6536771.
6536771
List the prime factors of 386575.
5, 7, 47
What are the prime factors of 343124?
2, 85781
What are the prime factors of 3301123?
7, 471589
What are the prime factors of 13801404?
2, 3, 1150117
What are the prime factors of 198056?
2, 19, 1303
What are the prime factors of 78408?
2, 3, 11
List the prime factors of 16964066.
2, 7, 1211719
What are the prime factors of 7540839?
3, 71, 11801
List the prime factors of 281179.
317, 887
List the prime factors of 15901222.
2, 17, 29, 16127
What are the prime factors of 510066?
2, 3, 43, 659
What are the prime factors of 329737?
149, 2213
What are the prime factors of 12786940?
2, 5, 79, 8093
What are the prime factors of 11799657?
3, 61, 21493
List the prime factors of 1795773.
3, 7, 85513
List the prime factors of 4247079.
3, 29, 48817
What are the prime factors of 15994357?
31, 337, 1531
List the prime factors of 21061329.
3, 19, 151, 2447
What are the prime factors of 1783353?
3, 11, 13, 4157
What are the prime factors of 106321?
106321
What are the prime factors of 573215?
5, 114643
List the prime factors of 3355129.
109, 30781
What are the prime factors of 195908?
2, 17, 43, 67
List the prime factors of 30389.
30389
List the prime factors of 282782.
2, 31, 4561
What are the prime factors of 31078504?
2, 1823, 2131
List the prime factors of 3174119.
13, 37, 6599
List the prime factors of 792857.
13, 71, 859
What are the prime factors of 23199?
3, 11, 19, 37
List the prime factors of 20924219.
149, 317, 443
List the prime factors of 182934.
2, 3, 10163
List the prime factors of 91040.
2, 5, 569
List the prime factors of 16215961.
16215961
What are the prime factors of 35908?
2, 47, 191
What are the prime factors of 5978093?
11, 543463
What are the prime factors of 291254?
2, 107, 1361
What are the prime factors of 121859?
233, 523
List the prime factors of 1384894.
2, 7, 31, 3191
List the prime factors of 389072.
2, 24317
What are the prime factors of 1334439?
3, 67, 2213
List the prime factors of 10200538.
2, 5100269
List the prime factors